 i - 28. Let o(f) = f**2 + 9*f - 8. What is the tens digit of o(x)?
6
Let o(t) = 6*t**2 - 3*t - 11. Let b(q) = 5*q**2 - 2*q - 10. Let u(v) = -7*b(v) + 6*o(v). What is the units digit of u(-4)?
6
Let p be ((-4)/6)/((-5)/15). Suppose 0 = -5*y + 378 + p. What is the tens digit of y?
7
Suppose 3*t - t - q = -28, 0 = -4*t + 5*q - 62. Let o = 17 + t. Suppose o*f = w - 3, 3*w - 2*w + 2*f = 21. What is the units digit of w?
5
Let z(t) = -10 - t + t**3 - 9*t + 3 + 4*t**2 + 2*t**2. Let r = 2 - 9. What is the units digit of z(r)?
4
Suppose -108 = -4*y + 672. Suppose -6*j = -447 - y. What is the units digit of j?
7
Let g = -67 + 74. What is the tens digit of 1*4*(-5 + g + 16)?
7
Suppose -130*q = -131*q + 6. Suppose -1 + q = -5*w, -3*g - w + 284 = 0. What is the units digit of g?
5
Suppose -159 = 20*p - 17*p. Suppose 4*m + 370 = -m. Let h = p - m. What is the tens digit of h?
2
Suppose -346 - 641 = -7*x. What is the units digit of (-15)/(-9)*3 + x?
6
What is the tens digit of (-4)/(-10)*(4 + 127764/24)?
3
Let x = 79 - 18. Let p = x + -37. Suppose p + 12 = 2*f. What is the tens digit of f?
1
Suppose 4605 = 5*x - 4*q, 2*q - 548 + 4232 = 4*x. What is the hundreds digit of x?
9
Let u(o) = -o**3 + 3*o**2 + 3*o. Let f(t) = 3*t**3 - 10*t**2 - 10*t - 1. Let m(k) = -6*f(k) - 17*u(k). Let l be m(10). What is the tens digit of 33 - 2/l*2?
3
Let x(j) = -4*j**3 - 2*j - 1. Let h be x(-1). Suppose -h*m + 3*a = -20, -4*m + 2*a = m - 20. What is the units digit of m?
4
Suppose -3*x + z + 7 = 0, -4*x = -5*z + 4 - 28. Let l = x + 67. What is the tens digit of l?
6
Let u = 60 - 26. Suppose 3 = -m - 5*j + u, 3*j + 93 = 3*m. What is the units digit of m?
1
Suppose 18*z - 21*z = -3303. What is the tens digit of z?
0
Let x = -165 - -646. What is the hundreds digit of x?
4
Let o(j) = 176*j**3 + j**2 + 3*j - 5. What is the hundreds digit of o(1)?
1
Let q(d) = d**3 - 7*d**2 + 10*d - 13. What is the units digit of q(10)?
7
Suppose 4*v - 4*z - 10792 = z, 4*v = -4*z + 10792. What is the thousands digit of v?
2
Suppose -5*h - a = -34, -3*h - 2*a + 38 = 2*h. Let w(i) = -113*i**2 - 2*i - 7. Let d be w(3). What is the units digit of d/(-20) + h/4?
3
Suppose -701 = -a + 4*z, 3*a = -9*z + 6*z + 2088. What is the tens digit of a?
9
Let m(z) = z**3 + 2*z**2 - 3*z + 5. Let w be m(-4). Let u = w - -90. What is the units digit of u?
5
Let t be (-3 - 469)/(2*-1). Suppose 4*m - t = 188. Suppose 3*c + 4*g - m = 0, g = -0 + 4. What is the units digit of c?
0
Let v(z) = -18*z. Let b be v(-2). Suppose 2*i + 21 = -3*q - 17, -3*q + 2*i - 46 = 0. Let w = q + b. What is the tens digit of w?
2
Let r = 221 + -105. What is the tens digit of r?
1
Let y(d) = -61*d - 261. What is the tens digit of y(-15)?
5
Let v(p) = -p**3 + 9*p**2 - 3*p + 8. Let g be v(4). Let j = 49 + g. What is the units digit of j?
5
Suppose 3*q = 4*a + 361, a + 0*a = -3*q - 79. Let i = 42 - a. What is the units digit of i?
0
Let o = 335 + -526. Let l = -92 - o. What is the units digit of l?
9
Let n = -779 + 1232. Let q = n - 276. What is the tens digit of q?
7
Let r(k) = k**3 - 3*k**2 - 4*k - 2. Let h be r(4). What is the units digit of h - (4 + 2*-8)?
0
Let b(w) = 7*w**2 - 8*w - 168. What is the units digit of b(-12)?
6
Let z(m) = -m**2 + 6*m - 4. Let f be z(5). Suppose 7 = -2*b - f. What is the units digit of 2*1 - (b - 3)?
9
Suppose -3*q - 83 = -u + q, -2*q = -5*u + 469. Suppose -7*j + 12*j = u. What is the tens digit of j?
1
Let g = 1 + -2. Let q be g - (-14 - (-1 + 0)). Suppose -3*m - q = -6*m. What is the units digit of m?
4
Let f(j) = j + 3 + 16*j**3 - 2*j**3 - 4*j**2 - 13*j**3. Suppose -2*o + 7 + 1 = 0. What is the units digit of f(o)?
7
Suppose 5*i - 23 = 2*j + 9, 0 = 2*i - 8. Let v = -68 + 39. Let d = j - v. What is the tens digit of d?
2
Suppose -5*i + 688 = -4*l, -i + 412 = 2*i - 2*l. What is the units digit of i?
6
Let z be ((-2)/7)/((-8)/56). Let g(c) = -20*c**2 + 3*c - 17. Let j(m) = 7*m**2 - m + 6. Let d(x) = -6*g(x) - 17*j(x). What is the units digit of d(z)?
2
Suppose x + 426 = 3018. What is the hundreds digit of x?
5
What is the hundreds digit of (2 + 1/2)/(1/358)?
8
Let a be -6 + 80/15 - (-268)/6. Suppose 0 = -0*x + 2*x + 6. What is the units digit of (3/(-2))/(x/a)?
2
Suppose -r + 2*r = -5*v + 54, 5*r - 360 = 5*v. Suppose -m + 5*t = 3*t - r, 4*m - 5*t = 270. What is the units digit of m?
5
Let m(k) = 3*k**2 - 2*k - 4. Let p = -3 + 8. Suppose 13 = p*f - 7. What is the units digit of m(f)?
6
Let z = -68 + 70. Suppose t + 0*t = 2*x - 19, -4*t = -z*x + 10. What is the tens digit of x?
1
Let u = 4274 - 3011. What is the hundreds digit of u?
2
Let t = 27 - 18. Suppose 2*p + 4*s + s + t = 0, 0 = -p - 2*s - 6. Let y = 24 + p. What is the units digit of y?
2
Let c be (-88)/(-16) + (-3)/(-2). Suppose -3*q - 76 = -c*q. What is the tens digit of q?
1
Suppose -d + 5 = -0. Let v = -2 + d. Suppose -4*k + 36 = i - 3*i, 6 = v*i. What is the tens digit of k?
1
Let h(v) = 5*v - 16. Suppose 42 = 8*l - 38. What is the tens digit of h(l)?
3
Suppose 0 = -2*z + 6*z. Suppose 4*d + 92 = 4*r, 5*d = -z*r - 3*r + 101. What is the units digit of (1 + (-8)/12)*r?
9
Suppose 2*m - 8 = -0*m, -153 = 3*i + 3*m. Let p = i - -143. What is the units digit of p?
8
Let z be (472/(-10))/(1/((-10)/4)). Suppose -4*k - z = -3*u + 101, -2*u + 142 = -4*k. What is the units digit of u?
7
Let d = 0 - -5. Suppose 0*z + z = -3*p + 20, 4*z = d*p + 80. Suppose 25 + z = 3*h. What is the units digit of h?
5
What is the tens digit of ((2682/(-4))/9)/(2/(-48))?
8
Let s be (-6)/(-2)*-1 + 2. What is the units digit of (-2)/(-4)*(s + 0 + 11)?
5
What is the tens digit of (-4)/(-6)*(-10542)/(-4)?
5
Let r(n) = -n**2 + 9*n + 1. Let k be r(9). What is the tens digit of 47 + (-2)/(-1 - k)?
4
Let s = -16 + 17. Suppose 3*v = 8 + s. What is the units digit of (-6)/(((-36)/104)/v)?
2
Let p(i) = -i + 15. Let v be p(8). Let f = 18 - v. What is the tens digit of f?
1
Suppose 0 = o - 107 - 2262. What is the hundreds digit of o?
3
What is the units digit of 12*1036/21 - 7?
5
Let p = 36 + -54. Let i = 4 + -3. Let k = i - p. What is the units digit of k?
9
Let y = -3 + 5. Suppose 0 = -w - 4*w + 55. Let s = w + y. What is the units digit of s?
3
Suppose -4*q - 2*a = -34, -4*q + 2*a + 29 = q. Suppose -4*f + 12 = 0, -375 = 3*s - q*s - f. What is the tens digit of s?
9
Let u = 12 - 12. Suppose 2*f - 2*b = f + 21, 4*f + 2*b - 84 = u. Suppose -1 = -s + f. What is the units digit of s?
2
Let d(k) = -k**3 + k**2 + 10*k - 3. Let u be d(4). Let j(y) = -12*y + 3. What is the tens digit of j(u)?
3
Let r(v) = v**2 + 11*v + 11. Let k be r(-9). Let s be k/(-42) - (-1930)/12. What is the tens digit of s/14 - 2/4?
1
Let v(c) = c**2 - 5*c - 13. What is the tens digit of v(-7)?
7
Suppose 5*s - 3*o - 15230 = 0, 9*o = 6*s - 3*s - 9138. What is the tens digit of s?
4
What is the units digit of (76/(-3))/((-1)/12)?
4
Suppose 2*b - 1003 = -3*i + 6*b, -3*i + 1013 = -2*b. What is the tens digit of i?
4
Let v = -1107 - -2605. What is the tens digit of v?
9
Let u(z) = -40*z + 76. What is the hundreds digit of u(-9)?
4
Let o(b) = -6*b - 1 - 4 + 2*b + 9. Let s be o(-3). Suppose -7*z + 5*z = -s. What is the units digit of z?
8
Suppose -2*j = -v - 613, 4*v = 2*j + j - 907. What is the tens digit of j?
0
Let k = 6 + -1. Suppose -3*x - 6 = 6*q - 3*q, k*x = 0. What is the tens digit of (-1 + -2)/(q/18)?
2
Suppose -11*v + 16*v = 100. Suppose 23*y = v*y + 456. What is the hundreds digit of y?
1
Let f = 4 + 0. Suppose 35 = 5*g - j, j - 5*j - 28 = -f*g. Suppose -2*x + g*x - 130 = -5*l, 4*x - 16 = 0. What is the tens digit of l?
2
Let g(n) = 3*n**3 - 8*n**2 + 12*n + 24. What is the tens digit of g(8)?
4
Let i be (-2)/8 - (-28)/(-16). Let v be 1 + (-3)/6*i. Suppose -5*w + w + 96 = v*z, 0 = -4*w + 5*z + 96. What is the units digit of w?
4
Suppose -68*j = -21*j - 69278. What is the thousands digit of j?
1
Suppose i - 30 = -33, 4*h + 3*i - 1431 = 0. What is the tens digit of h?
6
Suppose 3*r + 10904 = 5*r. What is the units digit of r?
2
Suppose 3*x - 82 = -9*w + 4*w, -4*w = -x - 52. Let v = 6 - 19. Let f = v + w. What is the units digit of f?
1
Suppose 24 + 276 = 5*k. Suppose -4*m = 2*m - k. What is the tens digit of m?
1
Let m = 2714 - 878. What is the hundreds digit of m?
8
Suppose 14*g - 12*g + 90 = 0. Let q be 2/(2 - g/(-21)). 